t x(p) = 9*p + 27. Determine x(-7).
-36
Let a(l) = l**3 + 4*l - 1. What is a(4)?
79
Let k(y) = 15*y + 75. Determine k(-5).
0
Let o(u) = 8*u**3 + u**2 + 5*u + 4. What is o(-1)?
-8
Let a(f) = 9*f + 40. Give a(-5).
-5
Let u(c) = 2*c - 1. What is u(-3)?
-7
Let m(r) = -9*r + 6. What is m(4)?
-30
Let u(y) = y**2 + 5*y - 21. What is u(0)?
-21
Let a(x) = x**3 - x**2 - 2*x - 5. Determine a(4).
35
Let z(b) = b**3 + 7*b**2 + 10*b + 18. Calculate z(-6).
-6
Let o(t) = -3*t**2 + 17*t + 30. What is o(7)?
2
Let h(n) = -201*n - 1203. Determine h(-6).
3
Let a(r) = r**2 + 7*r + 2. Determine a(-5).
-8
Let a(o) = o**3 - 4*o**2 + 5. What is a(3)?
-4
Let r(z) = z**3 + 9*z**2 - 25*z - 270. Determine r(-8).
-6
Let j(p) = p**3 - 47*p**2 - 47*p - 52. Give j(48).
-4
Let t(k) = -k**3 + 21*k**2 - 23*k + 85. Calculate t(20).
25
Let a(y) = -y**3 + 2*y**2 - y + 1. Determine a(-3).
49
Let s(l) = l**3 - 4*l**2 + l - 16. What is s(4)?
-12
Let f(v) = v**3 - 15*v**2 + 16*v - 27. Calculate f(14).
1
Let s(i) = i**3 - 10*i**2 - 26*i + 18. Determine s(12).
-6
Let b(t) = -t**3 - 3*t**2 + 16*t - 7. What is b(3)?
-13
Let g(s) = 2*s**2 + 8*s + 6. Give g(-5).
16
Let s(m) = 2*m**2 + 5*m + 2. What is s(-4)?
14
Let v(u) = u - 24. Give v(0).
-24
Let i(t) = -2*t + 27. What is i(11)?
5
Let k(p) = 15*p - 149. Give k(10).
1
Let l(q) = -5*q + 19. Give l(3).
4
Let g(k) = k**3 - 10*k**2 - 7*k - 14. Calculate g(11).
30
Let u(d) = -d**2 - 3*d + 7. Determine u(-4).
3
Let v(n) = -2*n**3 - 30*n**2 - 30*n - 6. Give v(-14).
22
Let v(n) = n**3 + n**2 - n. Give v(-2).
-2
Let z(b) = -b**2 + b + 30. Determine z(5).
10
Let v(j) = 2*j**3 - 20*j**2 - 3*j - 1. Determine v(10).
-31
Let c(w) = -5*w + 6. Give c(1).
1
Let b(v) = v**3 - 11*v**2 - 6*v - 13. Calculate b(12).
59
Let c(n) = n**2 - 5*n + 4. Give c(3).
-2
Let d(k) = -6*k - 133. Give d(-21).
-7
Let b(z) = -21*z**2 + z - 1. What is b(1)?
-21
Let l(w) = 52*w + 57. Give l(-5).
-203
Let b(u) = 8*u + 280. Calculate b(-36).
-8
Let n(c) = -2*c + 5. Calculate n(7).
-9
Let q(y) = 3*y + 31. Calculate q(-9).
4
Let q(d) = -2*d**3 - d**2 - 6*d + 21. Give q(3).
-60
Let z(k) = -2*k**2 + 107*k - 252. Calculate z(51).
3
Let m(w) = w**2 + 9*w + 8. Calculate m(-9).
8
Let i(a) = 5*a**2 - 9*a + 29. What is i(3)?
47
Let y(s) = 36*s**2 + s - 1. Give y(1).
36
Let m(p) = -3*p + 4. Determine m(-1).
7
Let s(q) = q**2 - 12*q + 5. What is s(-5)?
90
Let j(b) = 2*b**3 + 100*b**2 - 103*b - 60. Calculate j(-51).
-9
Let z(c) = -14*c - 3. Give z(-1).
11
Let f(t) = t**2 + 7*t + 9. Give f(-4).
-3
Let d(r) = r. Calculate d(-16).
-16
Let y(v) = 30*v + 869. Determine y(-29).
-1
Let s(u) = 2*u + 5. Give s(2).
9
Let x(s) = -s**3 - 11*s**2 + 12*s - 6. Calculate x(-12).
-6
Let m(h) = 11*h - 34. Determine m(8).
54
Let h(w) = -3*w**2 + 37*w - 18. Determine h(12).
-6
Let a(h) = 2*h**3 + 109*h**2 + 53*h - 69. What is a(-54)?
-15
Let q(b) = b**3 + 6*b**2 + b + 14. Give q(-6).
8
Let t(b) = -b**3 - 4*b**2 - b + 6. What is t(-3)?
0
Let y(h) = h**2 + 17*h - 57. What is y(-18)?
-39
Let a(o) = 44*o - 2. Determine a(-1).
-46
Let h(x) = 6*x**3 - 49*x**2 + 9*x - 16. Give h(8).
-8
Let s(h) = 14*h - 18. Determine s(-5).
-88
Let q(y) = -y**2 + 4*y + 19. What is q(6)?
7
Let u(f) = f**2 + 1. Calculate u(4).
17
Let j(d) = -d - 100. Give j(0).
-100
Let t(p) = 3*p - 9. Determine t(4).
3
Let f(q) = q**2 + 2*q - 3. Calculate f(0).
-3
Let m(l) = l**2 + 17*l + 40. What is m(-13)?
-12
Let c(b) = b**3 - 10*b**2 + 2*b - 23. Give c(10).
-3
Let w(r) = -6*r**2 + r + 4. Determine w(4).
-88
Let k(j) = -3*j + 36. What is k(14)?
-6
Let f(m) = -7*m**2 + 2*m + 1. Give f(2).
-23
Let f(o) = -9*o - 531. Calculate f(-59).
0
Let a(z) = -z**3 - 33*z**2 + 73*z + 58. Determine a(-35).
-47
Let o(r) = -5*r + 30. Give o(-7).
65
Let b(l) = l**2 - 7*l - 62. Calculate b(11).
-18
Let g(l) = -8*l + 2. Calculate g(1).
-6
Let r(d) = 3*d**2 - d + 3. Give r(-4).
55
Let m(r) = -r**3 + 8*r**2 - 6*r + 1. Determine m(7).
8
Let y(n) = 7*n + 75. Calculate y(-11).
-2
Let g(h) = -2*h**2 + 8*h + 31. Calculate g(-3).
-11
Let f(i) = 6*i + 110. What is f(-19)?
-4
Let m(n) = -n**3 + 24*n**2 - 39*n - 112. Give m(22).
-2
Let n(t) = -t**2 + 9*t + 6. Determine n(9).
6
Let j(w) = 89*w**2 + 2*w + 1. Give j(-1).
88
Let j(h) = h**3 + 11*h**2 + 13*h - 106. What is j(-7)?
-1
Let h(o) = 2*o**2 + 2*o + 1. What is h(-4)?
25
Let a(y) = y**3 + 9*y**2 + 7*y - 8. Determine a(-8).
0
Let y(i) = 13*i + 12. Give y(-6).
-66
Let x(f) = 3*f**2 + 40*f - 13. Determine x(-14).
15
Let c(d) = -d**3 - 9*d**2 - 3*d + 3. Give c(-4).
-65
Let a(g) = 2*g + 13. Calculate a(0).
13
Let y(s) = -s - 14. What is y(3)?
-17
Let a(q) = -26*q**3 + q**2 + 3*q + 2. Give a(-1).
26
Let x(a) = -3*a**2 - 3*a + 3. Calculate x(-3).
-15
Let y(z) = -4*z + 12. Give y(-6).
36
Let w(y) = -3*y - 32. Calculate w(-11).
1
Let x(j) = -j**2 - 9*j - 17. Calculate x(-7).
-3
Let p(t) = -3*t. Determine p(-2).
6
Let m(n) = 182*n - 1453. Give m(8).
3
Let r(u) = u**2 + 23*u + 36. Calculate r(-21).
-6
Let d(q) = q**2 + 4*q - 3. What is d(-4)?
-3
Let b(w) = -w**3 + 20*w**2 + 21*w - 5. Calculate b(21).
-5
Let f(z) = 3*z - 3. Calculate f(-1).
-6
Let w(d) = -13*d - 427. Calculate w(-32).
-11
Let g(w) = w**2 - 22*w + 116. Determine g(11).
-5
Let a(r) = -r**3 + r**2 + 5*r - 15. What is a(2)?
-9
Let v(p) = -9*p - 7. What is v(5)?
-52
Let a(w) = w**3 + 9*w**2 + 9*w + 8. Determine a(-9).
-73
Let j(c) = 5*c + 74. What is j(-9)?
29
Let t(p) = -75*p - 305. Give t(-4).
-5
Let w(j) = 30*j - 186. What is w(6)?
-6
Let q(b) = -2*b**3 - 4*b**2 + 3*b - 5. What is q(-4)?
47
Let g(p) = -p**2 - 12*p + 36. What is g(-14)?
8
Let j(x) = 6*x**2 + 2*x - 2. Calculate j(-2).
18
Let a(p) = 24*p. Calculate a(1).
24
Let z(k) = -3*k**2 - 92*k + 24. Give z(-31).
-7
Let z(n) = -n**2 - 27*n - 21. Determine z(-26).
5
Let u(f) = -f**3 + 7*f**2 + f - 1. What is u(7)?
6
Let x(u) = -u + 10. What is x(-17)?
27
Let b(t) = -t**3 + 6*t**2 - 7*t + 11. Give b(5).
1
Let i(h) = h**2 - 7*h + 6. Give i(5).
-4
Let t(a) = -10*a + 45. Determine t(5).
-5
Let f(g) = -4*g - 138. Determine f(-35).
2
Let g(i) = i**2 + 4*i - 15. Calculate g(-7).
6
Let a(k) = -k**2 + 13*k - 43. Calculate a(8).
-3
Let p(k) = 18*k**3 + 2*k**2 + 6*k + 4. Determine p(-2).
-144
Let b(p) = -3*p - 19. Determine b(-8).
5
Let h(c) = 12*c + 52. What is h(-4)?
4
Let i(x) = 17*x**2 + 14*x + 14. Give i(-1).
17
Let o(p) = -p**3 - 2*p**2 + 2*p + 3. Calculate o(0).
3
Let y(d) = -12*d**3 + 2*d**2 + d. Give y(-1).
13
Let t(m) = -m**3 + m**2 + 15*m - 23. Calculate t(3).
4
Let f(m) = 181*m + 913. Determine f(-5).
8
Let l(u) = -u**2 + 10*u. Give l(9).
9
Let c(f) = f**2 - 55*f + 201. Determine c(4).
-3
Let v(s) = -s**3 + 32*s**2 - 31*s - 19. Calculate v(31).
-19
Let m(n) = n + 20. What is m(0)?
20
Let t(q) = q**3 - 4*q**2 + 13*q - 8. Give t(5).
82
Let i(g) = 93*g + 87. Determine i(-1).
-6
Let m(l) = l + 12. Calculate m(-7).
5
Let o(t) = t**3 + 13*t**2 + 27*t + 20. What is o(-10)?
50
Let i(v) = 158*v + 790. Determine i(-5).
0
Let q(p) = -3*p + 16. Calculate q(10).
-14
Let i(v) = -v**3 - 12*v**2 - 35*v - 6. Calculate i(-5).
-6
Let x(a) = -a**3 + 11*a**2 + 14*a - 10. Give x(12).
14
Let y(i) = 55*i - 122. Determine y(2).
-12
Let b(k) = -k**3 + 5*k**2 - 11*k + 23. Calculate b(4).
-5
Let v(r) = 11*r - 77. Calculate v(7).
0
Let m(x) = x**2 + 9*x - 11. What is m(-11)?
11
Let j(l) = 13*l - 9. Calculate j(7).
82
Let x(h) = 97*h**2 + 27*h - 26. Determine x(1).
98
Let y(h) = -h - 6. Give y(-7).
1
Let j(t) = t**2 + 16*t - 94. What is j(-21)?
11
Let l(s) = 5*s**2 + 97*s + 29. Determine l(-19).
-9
Let d(o) = -95*o + 778. What is d(8)?
18
Let l(m) = m**3 - 11*m**2 + 12*m + 11. Give l(10).
31
Let s(g) = 2*g - 25. Determine s(8).
-9
Let s(l) = l**3 + 13*l**2 - 26*l + 19. Give s(-15).
-41
Let i(m) = m**3 - 18*m**2 + 63*m + 24. Determine i(13).
-2
Let o(b) = -3*b + 3. What is o(-3)?
12
Let g(f) = f**2 - 11*f - 209. Calculate g(-10).
1
Let j(c) = -c**3 - 6*c**2 - 11*c + 4. What is j(-5)?
34
Let x(j) = 3*j**3 + 4*j + 3. Calculate x(-2).
-29
Let f(m) = -m**3 + 24*m**2 - 24*m + 26. Determine f(23).
3
Let a(t) = -t**3 - 4*t**2 - t + 1. What is a(-3)?
-5
Let x(h) = -2*h**2 - 22*h + 28. What is x(-12)?
4
Let v(t) = 3*t**3 + 4*t**2 - t - 4. Determine v(3).
110
Let j(s) = 17*s - 3. What is j(0)?
-3
Let l(p) = -p**2 - 10*p - 32. Calculate l(-10).
-32
Let g(d) = d**3